rime factors of 521449.
29, 17981
What are the prime factors of 1016576?
2, 11, 19
What are the prime factors of 892322?
2, 503, 887
What are the prime factors of 567923?
101, 5623
What are the prime factors of 8739368?
2, 11, 47, 2113
List the prime factors of 50111.
50111
List the prime factors of 19771364.
2, 2069, 2389
What are the prime factors of 5755317?
3, 1918439
What are the prime factors of 1142295?
3, 5, 7, 11, 23, 43
List the prime factors of 2431593.
3, 90059
List the prime factors of 1402165.
5, 173, 1621
What are the prime factors of 493649?
13, 23, 127
List the prime factors of 4644139.
4644139
What are the prime factors of 1690252?
2, 422563
List the prime factors of 1919551.
19, 31, 3259
List the prime factors of 594224.
2, 37139
What are the prime factors of 145868?
2, 36467
List the prime factors of 150274.
2, 227, 331
What are the prime factors of 477714?
2, 3, 103, 773
List the prime factors of 21559915.
5, 13, 331691
What are the prime factors of 745920?
2, 3, 5, 7, 37
What are the prime factors of 558809?
19, 29411
What are the prime factors of 11032336?
2, 7, 137, 719
What are the prime factors of 283855?
5, 11, 13, 397
What are the prime factors of 7532?
2, 7, 269
What are the prime factors of 14289957?
3, 11, 19, 71, 107
What are the prime factors of 5195016?
2, 3, 8017
What are the prime factors of 967838?
2, 277, 1747
List the prime factors of 9425662.
2, 47, 197, 509
What are the prime factors of 9802597?
7, 28579
List the prime factors of 151347.
3, 7, 7207
List the prime factors of 30281574.
2, 3, 173, 29173
List the prime factors of 5034607.
5034607
What are the prime factors of 5227524?
2, 3, 97, 499
List the prime factors of 7605675.
3, 5, 7, 11, 439
List the prime factors of 6902625.
3, 5, 79, 233
List the prime factors of 3458259.
3, 7, 17, 3229
What are the prime factors of 119948?
2, 157, 191
What are the prime factors of 397738?
2, 11, 101, 179
What are the prime factors of 3397671?
3, 17, 53, 419
What are the prime factors of 416363?
59, 7057
List the prime factors of 3952963.
7, 564709
What are the prime factors of 1551895?
5, 310379
What are the prime factors of 4842972?
2, 3, 23, 5849
What are the prime factors of 4169857?
79, 52783
List the prime factors of 1488660.
2, 3, 5, 43, 577
List the prime factors of 25893.
3, 7, 137
What are the prime factors of 414581?
607, 683
What are the prime factors of 8995786?
2, 157, 28649
List the prime factors of 1063905.
3, 5, 19, 3733
What are the prime factors of 1080033?
3, 521, 691
List the prime factors of 662598.
2, 3, 131, 281
List the prime factors of 12963016.
2, 11, 19, 7753
List the prime factors of 63072.
2, 3, 73
What are the prime factors of 1929186?
2, 3, 7, 61, 251
List the prime factors of 105384.
2, 3, 4391
What are the prime factors of 1253410?
2, 5, 17, 73, 101
What are the prime factors of 166510?
2, 5, 16651
What are the prime factors of 1318427?
11, 29, 4133
List the prime factors of 1377128.
2, 79, 2179
List the prime factors of 57509.
131, 439
List the prime factors of 2021096.
2, 7, 11, 17, 193
List the prime factors of 1179834.
2, 3, 17, 43, 269
List the prime factors of 3787915.
5, 757583
List the prime factors of 335154.
2, 3, 83, 673
List the prime factors of 2041784.
2, 31, 8233
What are the prime factors of 61858?
2, 157, 197
List the prime factors of 250818.
2, 3, 17, 2459
List the prime factors of 2971211.
37, 131, 613
List the prime factors of 1781988.
2, 3, 13, 11423
List the prime factors of 375862.
2, 187931
List the prime factors of 730855.
5, 313, 467
What are the prime factors of 6988081?
41, 170441
List the prime factors of 2808565.
5, 561713
List the prime factors of 872781.
3, 7, 13, 23, 139
What are the prime factors of 1651460?
2, 5, 71, 1163
What are the prime factors of 7107540?
2, 3, 5, 11, 89
What are the prime factors of 3631252?
2, 907813
What are the prime factors of 201957?
3, 7, 59, 163
List the prime factors of 915785.
5, 13, 73, 193
What are the prime factors of 731016?
2, 3, 11, 13, 71
What are the prime factors of 7830892?
2, 179, 10937
What are the prime factors of 2903218?
2, 1451609
What are the prime factors of 41858?
2, 20929
List the prime factors of 4255151.
17, 43, 5821
What are the prime factors of 21842095?
5, 11, 53, 59, 127
What are the prime factors of 2257256?
2, 282157
What are the prime factors of 576434?
2, 491, 587
What are the prime factors of 10001?
73, 137
List the prime factors of 4403530.
2, 5, 269, 1637
List the prime factors of 646448.
2, 11, 3673
List the prime factors of 288545.
5, 57709
What are the prime factors of 1149727?
17, 67631
What are the prime factors of 2527?
7, 19
List the prime factors of 3782321.
97, 38993
What are the prime factors of 4181718?
2, 3, 349, 1997
What are the prime factors of 507856?
2, 31741
What are the prime factors of 2783429?
11, 137, 1847
What are the prime factors of 115040?
2, 5, 719
What are the prime factors of 120123?
3, 1483
What are the prime factors of 118244?
2, 7, 41, 103
List the prime factors of 162239.
7, 11, 43
What are the prime factors of 133565?
5, 26713
List the prime factors of 31691112.
2, 3, 163, 8101
What are the prime factors of 5529763?
79, 69997
What are the prime factors of 502631?
502631
What are the prime factors of 462656?
2, 7229
What are the prime factors of 8362529?
7, 31, 89, 433
What are the prime factors of 1650655?
5, 330131
What are the prime factors of 375738?
2, 3, 11, 5693
List the prime factors of 16824324.
2, 3, 11, 11587
List the prime factors of 105362.
2, 139, 379
List the prime factors of 10719920.
2, 5, 133999
What are the prime factors of 15036182?
2, 7, 19, 56527
List the prime factors of 3275473.
3275473
List the prime factors of 477298.
2, 238649
What are the prime factors of 227053?
227053
What are the prime factors of 521780?
2, 5, 7, 3727
List the prime factors of 1576856.
2, 53, 3719
What are the prime factors of 42634018?
2, 7, 435041
What are the prime factors of 89455?
5, 17891
What are the prime factors of 74249?
7, 10607
List the prime factors of 269425.
5, 13, 829
What are the prime factors of 53264?
2, 3329
What are the prime factors of 114238?
2, 57119
List the prime factors of 1646698.
2, 823349
What are the prime factors of 691084?
2, 17, 10163
What are the prime factors of 346974?
2, 3, 57829
List the prime factors of 7333140.
2, 3, 5, 122219
What are the prime factors of 865265?
5, 173053
What are the prime factors of 1451272?
2, 181409
What are the prime factors of 1016117?
23, 44179
List the prime factors of 7881851.
37, 213023
List the prime factors of 15211702.
2, 11, 17, 89, 457
What are the prime factors of 2235513?
3, 7, 106453
List the prime factors of 1499750.
2, 5, 7, 857
What are the prime factors of 224194?
2, 112097
What are the prime factors of 2218228?
2, 17, 32621
List the prime factors of 573846.
2, 3, 7, 13, 1051
List the prime factors of 765667.
7, 89, 1229
List the prime factors of 2227414.
2, 7, 389, 409
What are the prime factors of 1797767?
17, 105751
What are the prime factors of 3265949?
3265949
List the prime factors of 2182758.
2, 3, 19, 41, 467
List the prime factors of 999549.
3, 17, 47, 139
What are the prime factors of 2664331?
1559, 1709
What are the prime factors of 3000758?
2, 1500379
What are the prime factors of 6668124?
2, 3, 555677
List the prime factors of 14966243.
19, 787697
What are the prime factors of 5819122?
2, 73, 39857
List the prime factors of 739435.
5, 41, 3607
List the prime factors of 220202.
2, 23, 4787
What are the prime factors of 19259461?
13, 1481497
What are the prime factors of 205789?
19, 10831
What are the prime factors of 5578888?
2, 7, 99623
List the prime factors of 3763835.
5, 23, 1423
List the prime factors of 120662.
2, 60331
List the prime factors of 9819752.
2, 1227469
What are the prime factors of 3429819?
3, 179, 2129
What are the prime factors of 7306491?
3, 383, 6359
List the prime factors of 3631600.
2, 5, 7, 1297
What are the prime factors of 1242912?
2, 3, 11, 107
List the prime factors of 2306681.
13, 13649
What are the prime factors of 38815023?
3, 13, 491, 2027
List the prime factors of 354255.
3, 5, 11, 19, 113
What are the prime factors of 15771528?
2, 3, 53, 4133
List the prime factors of 86